 - -18. What is the units digit of g?
6
Let c be (1 + -3)*(-3)/2. Let s be c/3 + -3 - -8. Suppose 5*h + 50 = 4*j, s*h - 2*h = j - 18. What is the tens digit of j?
1
Suppose 5*s - 101 = -2*x, 0 = -2*s - 3*s + 25. What is the units digit of x?
8
Let m be (5 - 0)*(-3)/(-5). Suppose -1 = -m*l + 11. Let u = 11 + l. What is the units digit of u?
5
Suppose 0 = 3*g + 3 + 87. What is the tens digit of (2 - (-10)/(-4))*g?
1
Let u be 0 + 0 - (-5 - -5). Suppose u*z = z - 19. What is the units digit of z?
9
Let q(s) = -11*s - 6. What is the units digit of q(-4)?
8
Let x = 0 + 6. Let f(j) = -4*j**2 + 3 - 9*j + 3*j**2 + 3*j**2. What is the tens digit of f(x)?
2
Suppose 143 = 4*o - a, 2*o + 2*a - 76 = 4*a. What is the tens digit of (-10)/o - 480/(-14)?
3
Let z be (1/(-2))/((-2)/4). What is the units digit of z/1*-1 + 30?
9
Suppose 0 = m - 5*r + 8 - 32, -5*m + 5*r + 40 = 0. Suppose m*d - 4 = -0*d. Let j = 2 - d. What is the units digit of j?
1
Suppose 3 = -q, 0*q = -v + 3*q + 31. What is the units digit of v?
2
Suppose 2*n - 4*v - 14 = 0, 2 = -4*n - 2*v + 40. Suppose -4*t - h - 14 - 56 = 0, -5*h = -10. What is the units digit of 61/n + (-4)/t?
7
Let y(r) = -r**3 - 5*r**2 - 2*r. Let n(g) = -2*g**2 - 3*g - 3. Let f be n(-2). What is the tens digit of y(f)?
1
Suppose g - 110 = -4*g. What is the units digit of -1 + g + -4 + 2?
9
Let f(z) = 4*z**2 - 2*z + 1. Suppose 0 = -0*d + 3*d - 3. Let l be f(d). Suppose -18 = -0*t - l*t. What is the units digit of t?
6
Let y be (-6)/21 - (-172)/14. Suppose 0 = -5*g - c + 65, 0 = 3*g - 3*c - 9 - y. Let p = g - 8. What is the units digit of p?
4
Let v(s) be the third derivative of s**6/20 - s**4/24 + s**3/6 - 10*s**2. Let p = -2 - -3. What is the units digit of v(p)?
6
Let f(v) = v**3 + 5*v**2 - 2*v - 4. Let h be f(-3). Let q be 1/(h/(-7) + 3). Suppose 15 = 2*o - q. What is the tens digit of o?
1
Let a = 124 - 61. Suppose 5*m - 2*m = a. What is the units digit of m?
1
Let z be 10/(-5)*10/(-4). Suppose -c = -4*l + 10, -2*l + c = -6*l + 14. Suppose -21 = -f - 4*f - l*o, -4*o + 23 = z*f. What is the units digit of f?
3
Suppose 2*o - 4 - 18 = 4*b, 4*o = 2*b + 20. Let n(j) be the third derivative of j**6/120 + j**5/15 + j**3/2 - j**2. What is the units digit of n(b)?
3
Let i(o) = -o**2 + 23*o + 14. What is the units digit of i(15)?
4
What is the units digit of ((-1)/2 - 0)*(-155 + -11)?
3
What is the tens digit of -26*1*9/(-6)?
3
Let j(x) = x**3 + 5*x**2 - 8*x + 3. Let o be j(-6). Let u = o - 9. What is the units digit of u?
6
Let i(s) = -3*s**2 + 3*s - 1. Let m be i(2). Let j = -2 - m. What is the units digit of j?
5
Let v(y) be the first derivative of y**2/2 + 4*y - 1. Let r be v(-3). Let j = r + 4. What is the units digit of j?
5
Let s = -311 - -527. What is the units digit of s?
6
Let y = -8 - -38. What is the tens digit of y?
3
Suppose 0 = 5*j - 92 - 148. Suppose -3*z - 72 = -4*q, -z + j = 3*q - 19. What is the tens digit of q?
2
Suppose 5*m + 115 = 5*t, -2*m - 2*t = 2*t + 76. Let i(y) = -12*y - 2. Let q be i(-4). Let d = m + q. What is the tens digit of d?
1
Let q = 10 + -31. Let l = q + 29. Suppose -4*b - 8 = -l*b. What is the units digit of b?
2
Let r(n) = 13 - n + 3*n - n + n. What is the units digit of r(6)?
5
Let p be -1*(2 + 7/(-1)). Suppose 0 = p*f - 4*b - 69 - 35, f - 28 = -b. What is the units digit of f?
4
Let c be (-2)/(-1) + -6 + -2. What is the tens digit of (-102)/(-9)*c/(-4)?
1
Let j = 31 + -26. What is the units digit of j?
5
Let h be -3*(-2)/6 - 0. Let z(a) = 13*a + 1. What is the units digit of z(h)?
4
Let z(f) be the second derivative of f**4/12 + f**2/2 + f. Suppose 4*p + 4*a = 0, 5*p = -3*a - 2 + 8. What is the tens digit of z(p)?
1
Suppose 0 = -y - 4, -3*w + 62 = 5*y - 38. Let n = w - 18. What is the units digit of n?
2
Suppose g + 2*i - 19 = 0, 5*g + i - 128 = 2*i. What is the units digit of g?
5
Let o be (-5)/(-10) - 122/(-4). Suppose 11 - o = u - 5*x, -8 = -4*u - 2*x. Suppose 0 = -3*i + z + 47, u = 4*i - z - 69 + 6. What is the tens digit of i?
1
What is the tens digit of 4/(-3)*(2 + -1 + -88)?
1
Suppose 3*c - 32 = 4*j - 9, -2*c - 3*j = -38. What is the units digit of c?
3
Let j be 1*-2*(-2)/2. What is the tens digit of 21 - (0 - 6/j)?
2
What is the tens digit of ((-20)/40)/(1/(-94))?
4
Let w = -10 - -61. What is the units digit of w?
1
Let z = -8 + 14. Let h be ((-2)/z)/(1/(-3)). What is the tens digit of h - 10*(-4 - -3)?
1
Let i be -21 + 3 + (-2 - 3). Suppose -m + y = -0*y + 27, -2*y = 5*m + 170. Let h = i - m. What is the units digit of h?
9
Suppose 24*m = 21*m + 486. What is the units digit of m?
2
Let r(n) = n - 3. Suppose -2*q - 11 = -h, 2*h - 1 = -q + 1. Let z be r(h). Suppose 2*l + 5*o = -2*l + 52, z = 3*l + 2*o - 46. What is the units digit of l?
8
Suppose o - 80 = -3*o. What is the units digit of (-4)/o + (-72)/(-10)?
7
What is the tens digit of (-19)/((-2)/(4 - 0))?
3
Let c be (-4)/((-240)/117 - -2). Let u = -50 + c. What is the units digit of u?
8
Let s = 15 + -25. Let n be (-4)/s + (-626)/(-10). Suppose 3 - 5 = -l, -5*w = -l - n. What is the tens digit of w?
1
Let x(s) = -7*s**3 + 6*s**2 - 5*s + 2. Let d be x(4). What is the units digit of (d/(-30))/((-2)/(-6))?
7
Let t = -16 + 16. Suppose t*l + 116 = 4*l. What is the units digit of l?
9
Let k = -1 - -15. Suppose -14 - k = -r. What is the tens digit of r?
2
Let r = 10 - -38. What is the tens digit of r?
4
Let z(i) = -i**3 + i - 1. Let o be z(0). Let s be 18/(-4) + o/(-2). What is the units digit of (-6)/s + 2/4?
2
Let u = 35 + -115. What is the units digit of u/4*2/(-5)?
8
Let v(n) = -84*n. What is the tens digit of v(-1)?
8
Let d = -14 + 10. Let v be 13/(-2) + (-2)/d. What is the units digit of 114/27 - v/(-27)?
4
Let g(y) = 3*y**2 - 5*y + 28. What is the units digit of g(9)?
6
Let y(r) = r**3 + 3*r**2 - 5*r + 7. Let z be y(-5). Let p = 26 + z. What is the units digit of p?
8
Suppose 20 = 4*v + v. Let t = v + -2. What is the units digit of t?
2
Suppose 10 = 5*p - 8*n + 3*n, 2 = 2*n. Let b(j) be the third derivative of j**5/60 + j**4/24 - j**3/2 + 2*j**2. What is the units digit of b(p)?
9
Let r = -6 - -12. Let s(m) = -5*m - 1. Let j(g) = -26*g - 5. Let i(c) = 2*j(c) - 11*s(c). What is the units digit of i(r)?
9
Suppose y = 39 - 5. What is the tens digit of y?
3
Suppose u = 2*x + 7, x + 3*x - 3*u + 15 = 0. Suppose m + 3*m + 4 = -4*n, -1 = -2*n - 5*m. Let t = n - x. What is the units digit of t?
1
Suppose -4*f - t + 136 = 0, 0 = 4*f + 5*t - 58 - 78. Suppose -6*h + f = -164. What is the tens digit of h?
3
Suppose -5*h + 5*r = 2 - 37, 3*h + 5*r = 29. Let o(d) = -d + 11. Let f be o(h). Suppose f*j - 5 = -2*j. What is the units digit of j?
1
What is the units digit of -7*(4 + (-22)/2)?
9
Suppose 0 = -5*c + a + 28, -3*c + 4*a = 2*a - 21. What is the units digit of c?
5
Let l = 38 - -42. What is the tens digit of l?
8
Suppose z - 127 = -0*z. Let w = 185 - z. Suppose -l + 0*l = 4*c - 38, 5*c - w = 4*l. What is the tens digit of c?
1
Let h(n) = -28*n. Let j be h(-1). Suppose 0*d = -2*d + j. Let l = 3 + d. What is the tens digit of l?
1
Suppose -2*m + 51 = -5*f - 247, -5*m + 235 = -4*f. Let u be f/(-9) + 1/3. Suppose -4*o + 1 = -u. What is the units digit of o?
2
Suppose 3*j - 500 = m, j - 5*m - 148 = -0*j. What is the units digit of j?
8
Suppose 18 = t - o, 4*o - 96 = -10*t + 6*t. What is the units digit of t?
1
Let r be 0/(-7) + -3 + 2. Let s = 4 + r. What is the units digit of s?
3
What is the tens digit of 4/2*(13 + 6)?
3
Suppose -12 = -5*a + a. Suppose a*c - 5*h = -h - 3, -9 = -c - 2*h. Suppose 3*r + r + 4*m - 24 = 0, 3*m - c = 0. What is the units digit of r?
5
Suppose 3*k + 0*k - 33 = -3*s, -5*s + 60 = 4*k. Suppose x - s = -x. What is the units digit of x?
8
Suppose j - 24 = -3*j. What is the units digit of j?
6
Let y(n) = -44*n**2 + 11*n - 11. Let z(l) = 15*l**2 - 4*l + 4. Let b(s) = -3*y(s) - 8*z(s). What is the tens digit of b(1)?
1
Let f = -2 + 3. What is the units digit of -6*(2 - 3)*f?
6
Let d(b) = -4*b**3 - b. Let u be d(1). Let p = 7 + u. Suppose 4*w - g + 2*g - 22 = 0, p*w = -5*g + 20. What is the units digit of w?
5
Let z(k) = -3*k**3 + 9*k**2 + 9*k + 7. Let s(v) = 13*v**3 - 37*v**2 - 36*v - 27. Let h(f) = 2*s(f) + 9*z(f). What is the units digit of h(8)?
7
Suppose 45 = -5*x - 2*h, x + 4*x = h - 30. Let y(l) = -4*l - l**3 - 4*l